9?
648
In base 8, what is -2013 + -213?
-2226
In base 7, what is -222601 + -21?
-222622
In base 5, what is -10 - 113324?
-113334
In base 5, what is 14 - -443443?
444012
In base 10, what is 470 + -104?
366
In base 4, what is -210 + -1011?
-1221
In base 3, what is -1120111101010 - 12?
-1120111101022
In base 12, what is -2971 + b?
-2962
In base 3, what is -110202210 - 222?
-110210202
In base 3, what is 222 + 120220?
121212
In base 3, what is -1 + -220112021?
-220112022
In base 14, what is -64b - 5d3?
-c40
In base 5, what is 4124421 + -2?
4124414
In base 13, what is -a492b8 - -5?
-a492b3
In base 12, what is -914748 + 4?
-914744
In base 4, what is -1 + 3020120?
3020113
In base 16, what is 2 + -5a04?
-5a02
In base 2, what is 110101010000110 - 1000110?
110101001000000
In base 6, what is -2 + 150122?
150120
In base 5, what is -2 + -112442?
-112444
In base 3, what is 12120 + -11110?
1010
In base 9, what is 767177 - -5?
767183
In base 8, what is 2112 - 57?
2033
In base 3, what is 101 - -12222122?
20000000
In base 3, what is -200010220 + -1?
-200010221
In base 11, what is -1 + 16216?
16215
In base 5, what is 12 + 42042234?
42042301
In base 8, what is -3563 + -546?
-4331
In base 8, what is 124557 - 26?
124531
In base 4, what is -1101302100 + -10?
-1101302110
In base 6, what is -2424220 + -5?
-2424225
In base 5, what is -2 + -403244?
-403301
In base 15, what is 183 + -35?
14d
In base 12, what is -a2b + 75?
-976
In base 7, what is 5 - -56323?
56331
In base 3, what is -20201022000 - 0?
-20201022000
In base 8, what is -2255 + -1130?
-3405
In base 5, what is -114024 + -22?
-114101
In base 13, what is -3 - -688?
685
In base 3, what is -111212001 + 2?
-111211222
In base 8, what is 1555 + 24?
1601
In base 2, what is -11000001101 - 111001?
-11001000110
In base 9, what is -72877 - 0?
-72877
In base 3, what is 21022 + -112?
20210
In base 16, what is -6 - 423a?
-4240
In base 12, what is 2 + 252b2?
252b4
In base 12, what is -7 + -b923?
-b92a
In base 13, what is -36b1 - 5?
-36b6
In base 7, what is -15 - 612101?
-612116
In base 9, what is -62 + -5036?
-5108
In base 10, what is 3061420 + 0?
3061420
In base 9, what is -84507 - -3?
-84504
In base 13, what is 966a3a - -3?
966a40
In base 15, what is -5 + -143?
-148
In base 11, what is 22716 + -1?
22715
In base 16, what is -6 + -3a09?
-3a0f
In base 3, what is 210 - 121001?
-120021
In base 16, what is 725 + -8b?
69a
In base 11, what is -54703 + -5?
-54708
In base 6, what is 2331110 - 2?
2331104
In base 12, what is -47b6 + 1?
-47b5
In base 14, what is -7 + -2553b?
-25544
In base 11, what is 2 + 42a38?
42a3a
In base 2, what is 11100000101100101 - -10100?
11100000101111001
In base 7, what is -1055506 + 2?
-1055504
In base 11, what is -6a15 - 111?
-7026
In base 11, what is -457a1 - 0?
-457a1
In base 15, what is -13 - 195a?
-196d
In base 9, what is 14 - 885724?
-885710
In base 7, what is -1441060 - -45?
-1441012
In base 9, what is 1 + 162528?
162530
In base 6, what is 312 - 1535?
-1223
In base 12, what is 546a63 - -1?
546a64
In base 12, what is -3b55 + 172?
-39a3
In base 12, what is 90 + -24a3?
-2413
In base 10, what is 5919411 + 2?
5919413
In base 16, what is 16e7 - c8?
161f
In base 9, what is 408056 - -5?
408062
In base 15, what is b - -4d?
59
In base 9, what is -21 + 73?
52
In base 4, what is -20000231 + 3?
-20000222
In base 13, what is 405c2 - 0?
405c2
In base 6, what is 1532 - -1013?
2545
In base 2, what is 1001011110 + -1111010011?
-101110101
In base 16, what is -3799f + 0?
-3799f
In base 10, what is 38 + -5661?
-5623
In base 14, what is -48 + 1d?
-29
In base 10, what is 487 - -384?
871
In base 11, what is 54 + -34a?
-2a6
In base 7, what is -13543 - -26?
-13514
In base 12, what is 4 - -8483?
8487
In base 12, what is 25 + 262?
287
In base 2, what is 11011011 + -110100010?
-11000111
In base 16, what is 574 + 2?
576
In base 10, what is 3 + 9565?
9568
In base 12, what is 0 - -294593?
294593
In base 5, what is -10110 + -143?
-10303
In base 7, what is 21401 + -34?
21334
In base 13, what is 17 + 3964?
397b
In base 10, what is 686 - 223?
463
In base 12, what is -5 + -505a7?
-505b0
In base 4, what is -12122033 + -122?
-12122221
In base 5, what is -102 - -132?
30
In base 7, what is 4423 - 40?
4353
In base 5, what is -2210314 + -14?
-2210333
In base 15, what is -17 - 9ac?
-9c4
In base 3, what is -222222 + -1222?
-1001221
In base 4, what is -1302332233 - -2?
-1302332231
In base 8, what is 253 + -32?
221
In base 12, what is -241 - -259?
18
In base 2, what is 10011010010011001 + -11?
10011010010010110
In base 5, what is 102233 - 1004?
101224
In base 8, what is 66460 + -4?
66454
In base 15, what is -5 + 7ac6?
7ac1
In base 10, what is 696 + 277?
973
In base 15, what is 23e - 223?
1b
In base 15, what is 5d3 - -d2?
6b5
In base 8, what is 307 - -1704?
2213
In base 13, what is 3 - 97c?
-979
In base 16, what is 4975 + -49?
492c
In base 14, what is 3a21 - -21?
3a42
In base 7, what is -5 + -44154?
-44162
In base 16, what is -9f99 + 5?
-9f94
In base 10, what is -446929 - 4?
-446933
In base 5, what is 3231 - -204?
3440
In base 11, what is 403287 - -1?
403288
In base 9, what is -21584 - -10?
-21574
In base 14, what is -23b4 - 127?
-24db
In base 5, what is -2 - 304414?
-304421
In base 2, what is 0 - 110001101011000001101?
-110001101011000001101
In base 13, what is 0 - -6198?
6198
In base 2, what is 101011001000001011 - 101?
101011001000000110
In base 11, what is 5 + -1a555?
-1a550
In base 11, what is a986 - 1?
a985
In base 2, what is 1111100010110110110 - -11?
1111100010110111001
In base 9, what is -2556 - -168?
-2377
In base 4, what is -1 - 1200332121?
-1200332122
In base 16, what is -a840 + 4?
-a83c
In base 12, what is 1897564 + 4?
1897568
In base 6, what is 2151 - -330?
2521
In base 14, what is 6c8 + 12?
6da
In base 16, what is -1d0d + -2?
-1d0f
In base 2, what is -1001010010111110 + 10010?
-1001010010101100
In base 11, what is -8 - 100724?
-100731
In base 11, what is 2319 + -277?
2052
In base 9, what is -7 + -433853?
-433861
In base 4, what is 302122 - -2123?
310311
In base 7, what is -255 - -42000?
41412
In base 10, what is 3649 + 6?
3655
In base 10, what is -4 + 271396?
271392
In base 5, what is 10 + 11114131?
11114141
In base 10, what is 12792 - 132?
12660
In base 8, what is 1410 + 31?
1441
In base 9, what is -1448205 - -4?
-1448201
In base 13, what is 7979 - -1?
797a
In base 12, what is 15 - 1112?
-10b9
In base 3, what is 12 + -21212221?
-21212202
In base 7, what is -4 - 105160?
-105164
In base 4, what is -2 - -3301223?
3301221
In base 4, what is -21321 - -230?
-21031
In base 3, what is 1 - -10211221?
10211222
In base 15, what is 22 + 2b57c?
2b59e
In base 8, what is 55543 - 3?
55540
In base 15, what is 2 + -38?
-36
In base 3, what is 10121011 + 2002?
10200020
In base 15, what is -746 - 3?
-749
In base 2, what is -1001101100011101 + 0?
-1001101100011101
In base 8, what is 354352 + -24?
354326
In base 3, what is 1000 + -101100102?
-101022102
In base 14, what is -3 - 2b820d?
-2b8212
In base 10, what is -34 + 21855?
21821
In base 5, what is 23 - -331220?
331243
In base 14, what is -6c + 1c6?
158
In base 6, what is -30 + 30123?
30053
In base 16, what is -1 - -e2d9?
e2d8
In base 10, what is -1070466 + 2?
-1070464
In base 2, what is -101000 + 11111110111?
11111001111
In base 9, what is -12 - -103674?
103662
In base 5, what is -234322 - -3?
-234314
In base 9, what is 125 - 23?
102
In base 13, what is 62b1a - 3?
62b17
In base 5, what is -10 - 1204011?
-1204021
In base 13, what is -4a50a6 - 2?
-4a50a8
In base 16, what is c - -1b3a?
1b46
In base 10, what is -363 + 8017?
7654
In base 15, what is 0 - 1293?
-1293
In base 12, what is 7b918 + -3?
7b915
In base 5, what is 101022 + 2?
101024
In base 14, what is 5728d + 1?
57290
In base 4, what is -1212 + 1023?
-123
In base 3, what is -2221 + -101222222?
-102002220
In base 16, what is 19ddb + -2?
19dd9
In base 13, what is 848 + a8?
923
In base 10, what is -11 - -417696?
417685
In base 10, what is -1851 - 27?
-1878
In base 3, what is -2202021212 + 12?
-2202021200
In base 6, what is -5 - 524311?
-524320
In base 16, what is 1 - a011?
-a010
In base 14, what is 3cbb40 - -3?
3cbb43
In base 13, what is ba - 70c?
-622
In base 14, what is 4 - 1055c1?
-1055bb
In base 3, what is 22002 + -20?
21212
In base 2, what is 0 